 m - 3*m**3 - 4 - 2*m**3 + m**2 + 7*m**2. Suppose 5*j - 4*j - 6 = 0. Give w(j).
2
Let v(l) be the third derivative of -l**6/360 + l**5/30 - 7*l**4/24 + 5*l**2. Let r(y) be the second derivative of v(y). Calculate r(3).
-2
Let q(m) = m**2 - 6*m + 8. Let f(p) = -p**2 + 7*p - 7. Let d be f(6). Let b be (d/(-1)*1)/1. Let n(c) = -c - 1. Let l(u) = b*n(u) + q(u). What is l(5)?
-3
Let f(j) = 7*j + 199*j**2 - 4*j + 2 - 200*j**2 + 2. Let x(t) = 2*t - 5. Let w be x(5). Give f(w).
-6
Let r(u) = -u - 3. Let i(q) = 4*q + 11. Let t(k) = -2*i(k) - 9*r(k). Let b be t(-9). Let o(l) = -1 - 1 - 2*l - 2. Determine o(b).
4
Let s(l) be the first derivative of -l**3/3 - 2*l**2 + l - 2. Give s(-5).
-4
Let v(r) be the first derivative of -3*r**2 - 1/3*r**3 - 3 + r. Give v(-5).
6
Let t(k) be the first derivative of 1 + 0*k + 1/24*k**4 + 0*k**2 - 1/120*k**5 - 1/3*k**3. Let s(p) be the third derivative of t(p). Determine s(0).
1
Let h(r) = r**2 - r + 2 - r - 2*r + 2. Determine h(4).
4
Let y(n) = 2*n**3 - 3*n**2 + n - 6. Let v(d) = 3*d**3 - 5*d**2 + 2*d - 9. Let w(t) = 5*v(t) - 7*y(t). Determine w(4).
9
Let y(f) = 4*f + 5. Let u(w) be the first derivative of 3*w**2 + 7*w + 1. Let m(b) = 5*u(b) - 8*y(b). Suppose -3*v - 12 = -0*v. Give m(v).
3
Let u(d) = -d**2 - 10*d + 9. Suppose 2*a = -4*m - 11 - 1, -5*m = -10. What is u(a)?
9
Let k(f) = -f + 1. Suppose -109*b + 115*b = 24. Give k(b).
-3
Suppose -u = -6 + 10. Let o(s) = s**2 + 4*s + 1. What is o(u)?
1
Suppose -3*a + 6*a = 12. Suppose -a*z + 5 = 25. Let j(p) = p - 2*p + 6 + 3*p + 0. Determine j(z).
-4
Let d(n) = n + 2. Suppose 0 = 3*b - 7*p + 3*p + 10, 2*p = -4*b - 6. Let v = 4 + b. Give d(v).
4
Let c(u) = 3*u. Suppose -2*n + 11 = 2*p - 9, -4*p + 45 = 5*n. Let m = 3 - n. Let s be (3/m)/((-3)/(-4)). Calculate c(s).
-6
Let j(z) be the first derivative of 1 - 1/2*z**2 + 1/3*z**3 - z. Let a(s) = 9*s**3 + 5*s**2 - 3*s - 4. Let u(p) = a(p) - 4*j(p). Calculate u(-1).
-9
Let g(r) be the first derivative of r**7/210 + r**6/180 + r**5/120 + r**3/3 - 3. Let u(m) be the third derivative of g(m). Let v = 0 - 1. Calculate u(v).
-3
Let o(f) = 0 + f**3 + 2 - 3*f**2 + 2*f**2 - 2*f**3. Suppose 3*u - 3*g - 12 = 0, u - 5*g - 6 = -2*u. Suppose 5*l - 15 = q, 4*q + 21 = 4*l - u. What is o(l)?
-10
Let o(h) be the second derivative of h**5/20 + h**4/2 - 5*h**2/2 + h. Suppose -4*k - 29 = b, -k + 4*b = 1 - 15. Give o(k).
-5
Suppose c = 5*d - c + 28, 0 = -5*d - 3*c - 33. Let y(h) = -h**3 - 7*h**2 - 5*h - 8. Give y(d).
-14
Let u(d) = -119*d - 2 - 3 + 121*d. Determine u(4).
3
Suppose 3*y = 3*a - 24, -20 = -0*a - 2*a + y. Let v = -9 + a. Let f = v - -1. Let h(s) = s**3 - 5*s**2 + 3*s + 5. Determine h(f).
1
Let s(v) = -19 + 4*v**2 + v**3 + 7 - 4*v + 11. Let a = 5 + -10. Determine s(a).
-6
Let c(i) be the second derivative of -i**6/360 - i**5/40 + 7*i**4/24 + i**3/2 + 2*i. Let f(d) be the second derivative of c(d). Determine f(-5).
-3
Let s(y) be the third derivative of 0 + 1/120*y**6 + 0*y - 1/60*y**5 + 1/6*y**3 + 0*y**4 - y**2. Let v(o) = o**3 - 6*o**2. Let t be v(6). Give s(t).
1
Let c = -8 + 11. Suppose 4 = j - w, 8*w = 2*j + c*w - 2. Let i(z) = -z**2 + 4*z + 7. Give i(j).
-5
Let d(l) = -l**3 - 5*l**2 - 6*l - 2. Let k(u) be the first derivative of -u**2/2 + 7*u - 3. Let c be k(11). Calculate d(c).
6
Let k(u) = u**2 - 6. Let m(b) = -b**3 + 12*b**2 + b - 5. Let n be (-8)/3*81/(-18). Let y be m(n). Suppose 2*x + 8 = 0, 4*q + y = -4*x - 9. What is k(q)?
-6
Suppose 2*a + 2 = 2*d, 0 = -3*a - 3*d + 12 + 3. Let h(s) = a - s - 6 - s**2 - s**2 - 2*s. Determine h(-3).
-13
Let v be 2/6 + (-25)/(-15). Let l(n) be the third derivative of -n**5/30 + n**4/12 - n**2. Calculate l(v).
-4
Let l(y) = 4*y - 4. Let h(q) = -q + 1. Let a(b) = 3*h(b) + l(b). Suppose 5*z - 14 = 11. What is a(z)?
4
Suppose -2*c = 26 - 80. Let u be (-4)/18 - (-60)/c. Let t(k) = -k - u - 4 + 3 + 1. What is t(-4)?
2
Let v(x) = 4*x - 11. Let f(s) = -11*s + 32. Let r(j) = -6*f(j) - 17*v(j). Let a(n) = -n - 1. Let c be a(4). Determine r(c).
5
Let u(s) be the first derivative of -3*s**4 - s**3/3 + s**2 - s - 6. Calculate u(1).
-12
Let b(j) = -j**3 + 6*j**2 + j - 3. Let d be b(6). Let y(g) be the third derivative of 0*g + 1/60*g**5 + 1/24*g**4 - g**2 + 0 - 5/6*g**d. Calculate y(0).
-5
Let x(k) = k**2 - 3*k - 5. Let v(h) = 2*h**2 - 3*h - 4. Let q = -2 - -5. Suppose 0 = 5*b - 3*u, -4*u = -q*b + u - 16. Let a be v(b). What is x(a)?
5
Let r(h) = 0*h - 1 - 2 + 3*h. Let t(v) = 2*v**3 - 3*v**2 - 2*v**3 - v**3 + 3. Let y be t(-3). Calculate r(y).
6
Suppose 42 = -5*d - 3*h, -3*d - 2*h = -2*d + 14. Let z(v) = v + 1. Let g(o) = -2*o + 5 + 0 - 2. Let n(q) = -g(q) - 3*z(q). Calculate n(d).
0
Let d(q) = q**3 + 6*q**2 + 5*q + 1. Let u be d(-5). Let p(k) = 9 + 37*k**2 + 7*k - u - 36*k**2. Determine p(-6).
2
Suppose 5*y - 2 = 4*y. Let o be (y + -1 + -1)/2. Let l(x) = 1 - x + 1 + 2*x. Calculate l(o).
2
Suppose 0 = 2*r - 8. Let m be 12 - 3 - (r - 1). Let w(o) = o**3 - 7*o**2 + 7*o - 4. Determine w(m).
2
Let r(x) = x**3 + 4*x**2 - 2*x - 6. Let t be 38/(-9) - (-2)/9. Let v be r(t). Let g(o) = 3*o**2 - v*o**2 - 4*o**2 + 4*o**2 - o. Calculate g(0).
0
Let a(d) = d**3 - 2*d**2 - 2*d + 2. Suppose 0 = 2*n + 3*o + 2, 3*n + 4*o - 5*o = 8. Determine a(n).
-2
Let n(v) = 11*v + 11*v - 16*v. Give n(-1).
-6
Let f(p) = -5*p + 1. Let n be (-1)/(-3)*2*6. Let d = -2 + n. What is f(d)?
-9
Let y(l) = 4*l**2 - l. Let z(u) = -6*u + 7. Let k(f) = -5*f + 7. Let g(q) = -5*k(q) + 4*z(q). Let a be g(6). Give y(a).
5
Let a(w) = -w + 7. Let v be (-12)/(-5) + (-2)/5. Let b = 16 + -11. Suppose -2*n - 1 + 17 = b*g, 5*g - 24 = v*n. Calculate a(g).
3
Let c be (-6)/(-9) + 16/12. Let u(q) = 2*q + 2. Determine u(c).
6
Let u(l) be the second derivative of l**3/3 + l**2 + 2*l. Let n be 3/((-14)/(-4) + -2). Suppose -4*d + 6*d = -4*q + 6, 5*d + n*q = -9. Give u(d).
-4
Let n(u) = -u**3 - 3*u**2 - 3*u - 2. Let m(b) = -b + 1. Let v be m(-1). Suppose -3*l - f = -11, -3*f + 13 = v*l - 6. Let d be ((-6)/2)/(3/l). What is n(d)?
0
Let n(q) be the first derivative of -10*q**3/3 + 6*q + 3. Let j(m) = 29*m**2 - 17. Let b(z) = -6*j(z) - 17*n(z). Calculate b(1).
-4
Let j(n) be the first derivative of n**3/3 - 2*n + 1. Let b be j(2). Let h(m) = 2*m + 5 - m**b - m - 3. Give h(0).
2
Let h(v) = 2*v + 3. Suppose -3*f - 3*k + 3 = 0, -7*k + 3*k - 8 = 0. What is h(f)?
9
Let p(t) = -t**2 - 9*t - 6. Let c be (-1)/5 + (-136)/20. What is p(c)?
8
Let t(s) be the second derivative of 6*s + 0 - 1/2*s**2 + 1/3*s**3. Calculate t(1).
1
Let p(j) = -j**2 + j - 1. Let f = -19 + 16. Determine p(f).
-13
Suppose 0*z = -4*z - 4. Let l be (z*6)/(-3) + 3. Suppose v + 2*k = 10, -k - l = 3*v - 2*k. Let q(x) = -x**3 - x**2 - x - 1. Determine q(v).
-1
Let u(i) = 2*i + 5. Let h = 3 + 2. Suppose c - h*c = 16. What is u(c)?
-3
Let b(i) = -i**3 + 5*i**2 + 12*i + 1. Let k(u) = u**3 - 5*u**2 - 13*u - 1. Let y(p) = 6*b(p) + 5*k(p). What is y(6)?
7
Let q = 32 + -35. Let b(g) = -g**2 - 5*g - 3. What is b(q)?
3
Let g = -6 - -11. Let y(c) = c**2 - 1. Let u(j) = -3*j**2 - 4*j + 6. Let v(h) = g*y(h) + u(h). Let i(f) = -f**2 - f - 1. Let k(d) = i(d) + v(d). Give k(6).
6
Let x be -2*((-21)/(-6) + 0). Let r(w) = w**2 + 8*w + 10. Let p be r(x). Let v(h) = 4*h - 4. Give v(p).
8
Let w(q) be the first derivative of q**3/3 + q**2/2 - 5*q + 2. Let v(x) = x + 2. Let c be v(0). Let p be 17/(-4) + c/8. Calculate w(p).
7
Let s be (1/(-3))/(2/(-6)). Let x(h) = 4*h + s - 4*h - 2*h + 3*h. Determine x(6).
7
Let t(x) = x**2 - 8*x + 5. Let s(c) = c**2 + 9*c - 8. Let g be s(-10). Suppose 0*z - 14 = -g*z. Give t(z).
-2
Let m(g) = -4*g + g**2 + 3*g - 6*g. Calculate m(6).
-6
Let c(a) = a + 1. Let i(l) = 6*l**3 - 2*l**2 + 1. Let m be i(-1). Give c(m).
-6
Suppose 0 = -5*z + 6 + 9. Suppose -4*m - t + 7 - 2 = 0, -t + 5 = -m. Let k(g) = 2 + m - g - g. Calculate k(z).
-4
Let h be (-15)/(-25) - 2/(-5). Let i(q) = 2*q**3 + 2*q**2 - 1. Determine i(h).
3
Let n = 1 - 2. Let a be 1/2 + n/2. Let c(j) = -5 - 1 + a*j - j. Calculate c(-4).
-2
Let r be 3 - (18/3 + -1). Let o(c) be the third derivative of c**5/60 - c**4/12 - c**3/3 + c**2. What is o(r)?
6
Let b = -4 - -3. Let z(w) = w**2 - 1. Let g be z(b). Suppose -p = -3*p + 2*l, g = -2*l - 2. Let h(r) = 8*r**2 + r. What is h(p)?
7
Let w(a) = -2*a**2 - 1. Let u be 2 + -1 + -4 + 2. Let v be 4 + (-3 - (u 